{"id":12,"date":"2025-06-09T09:15:07","date_gmt":"2025-06-09T09:15:07","guid":{"rendered":"https:\/\/lherbotanic.com\/?page_id=12"},"modified":"2026-02-10T10:07:44","modified_gmt":"2026-02-10T10:07:44","slug":"12-2","status":"publish","type":"page","link":"https:\/\/lherbotanic.com\/","title":{"rendered":"Home"},"content":{"rendered":"\n<div class=\"slider-wrapper relative\" id=\"slider-1915575723\" >\n    <div class=\"slider slider-nav-circle slider-nav-large slider-nav-light slider-style-normal\"\n        data-flickity-options='{\n            \"cellAlign\": \"center\",\n            \"imagesLoaded\": true,\n            \"lazyLoad\": 1,\n            \"freeScroll\": false,\n            \"wrapAround\": true,\n            \"autoPlay\": 6000,\n            \"pauseAutoPlayOnHover\" : true,\n            \"prevNextButtons\": true,\n            \"contain\" : true,\n            \"adaptiveHeight\" : true,\n            \"dragThreshold\" : 10,\n            \"percentPosition\": true,\n            \"pageDots\": true,\n            \"rightToLeft\": false,\n            \"draggable\": true,\n            \"selectedAttraction\": 0.1,\n            \"parallax\" : 3,\n            \"friction\": 0.6        }'\n        >\n        \n\n\n  <div class=\"banner has-hover\" id=\"banner-1846194435\">\n          <div class=\"banner-inner fill\">\n        <div class=\"banner-bg fill\" >\n            <img loading=\"lazy\" decoding=\"async\" width=\"1536\" height=\"1024\" src=\"https:\/\/lherbotanic.com\/wp-content\/uploads\/2025\/09\/lherboprin-1.png\" class=\"bg attachment-original size-original\" alt=\"\" \/>                                    \n                    <\/div>\n\t\t\n        <div class=\"banner-layers container\">\n            <div class=\"fill banner-link\"><\/div>            \n\n   <div id=\"text-box-704190572\" class=\"text-box banner-layer x50 md-x50 lg-x50 y70 md-y15 lg-y15 res-text\">\n                                <div class=\"text-box-content text dark\">\n              \n              <div class=\"text-inner text-center\">\n                  \n\n\t<div id=\"text-1803838174\" class=\"text\">\n\t\t\n\n<p class=\"alt-font\">by Distribuciones Pardo<\/p>\n\t\t\n<style>\n#text-1803838174 {\n  font-size: 1.05rem;\n  line-height: 2.1;\n  text-align: center;\n  color: rgb(0,0,0);\n}\n#text-1803838174 > * {\n  color: rgb(0,0,0);\n}\n<\/style>\n\t<\/div>\n\t\n\n              <\/div>\n           <\/div>\n                            \n<style>\n#text-box-704190572 {\n  width: 44%;\n}\n#text-box-704190572 .text-box-content {\n  font-size: 0%;\n}\n@media (min-width:550px) {\n  #text-box-704190572 {\n    width: 32%;\n  }\n}\n<\/style>\n    <\/div>\n \n   <div id=\"text-box-282856638\" class=\"text-box banner-layer hide-for-small x50 md-x50 lg-x50 y90 md-y90 lg-y90 res-text\">\n                                <div class=\"text-box-content text \">\n              \n              <div class=\"text-inner text-center\">\n                  \n\n\t<div id=\"text-2187335262\" class=\"text\">\n\t\t\n\n<h4 class=\"alt-font\">F\u00d3RMULAS BOT\u00c1NICAS AVANZADAS<\/h4>\n<h1 class=\"mb-2\">Bienestar y Salud a trav\u00e9s de la Naturaleza<\/h1>\n<p>Descubre el poder de nuestros complementos naturales.<\/p>\n\t\t\n<style>\n#text-2187335262 {\n  text-align: left;\n}\n<\/style>\n\t<\/div>\n\t\n<a data-animate=\"flipInY\" href=\"https:\/\/distribucionespardo.com\/tienda\/brand\/345-l-herbotanic\" class=\"button white is-outline is-large\" >\n\t\t<span>Explorar Productos<\/span>\n\t<i class=\"icon-search\" aria-hidden=\"true\"><\/i><\/a>\n\n\n\n              <\/div>\n           <\/div>\n                            \n<style>\n#text-box-282856638 {\n  width: 100%;\n}\n#text-box-282856638 .text-box-content {\n  font-size: 100%;\n}\n<\/style>\n    <\/div>\n \n\n        <\/div>\n      <\/div>\n\n            \n<style>\n#banner-1846194435 {\n  padding-top: 56.25%;\n}\n#banner-1846194435 .banner-bg img {\n  object-position: 58% 0%;\n}\n<\/style>\n  <\/div>\n\n\n\n     <\/div>\n\n     <div class=\"loading-spin dark large centered\"><\/div>\n\n\t<\/div>\n\n\n\n\t<section class=\"section\" id=\"section_1397887996\">\n\t\t<div class=\"section-bg fill\" >\n\t\t\t\t\t\t\t\t\t\n\t\t\t\n\n\t\t<\/div>\n\n\t\t\n\n\t\t<div class=\"section-content relative\">\n\t\t\t\n\n<div class=\"row row-collapse row-full-width row-dashed\"  id=\"row-1660727803\">\n\n\n\t<div id=\"col-2073130919\" class=\"col medium-4 small-12 large-4\"  >\n\t\t\t\t<div class=\"col-inner text-center\"  >\n\t\t\t\n\t\t\t\n\n\n\t\t<div class=\"icon-box featured-box icon-box-center text-center\"  >\n\t\t\t\t\t<div class=\"icon-box-img\" style=\"width: 60px\">\n\t\t\t\t<div class=\"icon\">\n\t\t\t\t\t<div class=\"icon-inner\" >\n\t\t\t\t\t\t<img decoding=\"async\" src=\"http:\/\/ID_ICONO_HOJA\" alt=\"\"\/>\t\t\t\t\t<\/div>\n\t\t\t\t<\/div>\n\t\t\t<\/div>\n\t\t\t\t<div class=\"icon-box-text last-reset\">\n\t\t\t\t\t\t\t\t\t\n\n<h4>Ingredientes 100% Naturales<\/h4>\n<p class=\"mb-0\">Selecci\u00f3n de extractos puros y eficaces.<\/p>\n\n\t\t<\/div>\n\t<\/div>\n\t\n\t\n\n\t\t<\/div>\n\t\t\t\t\t<\/div>\n\n\t\n\n\t<div id=\"col-182738595\" class=\"col medium-4 small-12 large-4\"  >\n\t\t\t\t<div class=\"col-inner text-center\"  >\n\t\t\t\n\t\t\t\n\n\n\t\t<div class=\"icon-box featured-box icon-box-center text-center\"  >\n\t\t\t\t\t<div class=\"icon-box-img\" style=\"width: 60px\">\n\t\t\t\t<div class=\"icon\">\n\t\t\t\t\t<div class=\"icon-inner\" >\n\t\t\t\t\t\t<img decoding=\"async\" src=\"http:\/\/ID_ICONO_CIENCIA\" alt=\"\"\/>\t\t\t\t\t<\/div>\n\t\t\t\t<\/div>\n\t\t\t<\/div>\n\t\t\t\t<div class=\"icon-box-text last-reset\">\n\t\t\t\t\t\t\t\t\t\n\n<h4>F\u00f3rmulas Expertas<\/h4>\n<p class=\"mb-0\">Desarrollado por especialistas en fitoterapia.<\/p>\n\n\t\t<\/div>\n\t<\/div>\n\t\n\t\n\n\t\t<\/div>\n\t\t\t\t\t<\/div>\n\n\t\n\n\t<div id=\"col-742610549\" class=\"col medium-4 small-12 large-4\"  >\n\t\t\t\t<div class=\"col-inner text-center\"  >\n\t\t\t\n\t\t\t\n\n\n\t\t<div class=\"icon-box featured-box icon-box-center text-center\"  >\n\t\t\t\t\t<div class=\"icon-box-img\" style=\"width: 60px\">\n\t\t\t\t<div class=\"icon\">\n\t\t\t\t\t<div class=\"icon-inner\" >\n\t\t\t\t\t\t<img decoding=\"async\" src=\"http:\/\/ID_ICONO_CAMION\" alt=\"\"\/>\t\t\t\t\t<\/div>\n\t\t\t\t<\/div>\n\t\t\t<\/div>\n\t\t\t\t<div class=\"icon-box-text last-reset\">\n\t\t\t\t\t\t\t\t\t\n\n<h4>Env\u00edo R\u00e1pido y Seguro<\/h4>\n<p class=\"mb-0\">Recibe tu pedido en 24\/48 horas.<\/p>\n\n\t\t<\/div>\n\t<\/div>\n\t\n\t\n\n\t\t<\/div>\n\t\t\t\t\t<\/div>\n\n\t\n\n<\/div>\n\n\t\t<\/div>\n\n\t\t\n<style>\n#section_1397887996 {\n  padding-top: 40px;\n  padding-bottom: 40px;\n  background-color: rgb(255, 255, 255);\n}\n<\/style>\n\t<\/section>\n\t\n\n\t<section class=\"section\" id=\"section_1177029561\">\n\t\t<div class=\"section-bg fill\" >\n\t\t\t\t\t\t\t\t\t\n\t\t\t\n\n\t\t<\/div>\n\n\t\t\n\n\t\t<div class=\"section-content relative\">\n\t\t\t\n\n<div class=\"container section-title-container\" ><h3 class=\"section-title section-title-center\"><b aria-hidden=\"true\"><\/b><span class=\"section-title-main\" >Encuentra tu Soluci\u00f3n Natural<\/span><b aria-hidden=\"true\"><\/b><\/h3><\/div>\n\n<div class=\"row row-full-width\"  id=\"row-729389703\">\n\n\n\t<div id=\"col-960345899\" class=\"col medium-4 small-12 large-4\"  >\n\t\t\t\t<div class=\"col-inner\"  >\n\t\t\t\n\t\t\t\n\n\t<div class=\"box has-hover   has-hover box-text-bottom\" >\n\n\t\t<div class=\"box-image\" >\n\t\t\t<a href=\"\/categoria\/detox\/\" >\t\t\t<div class=\"\" >\n\t\t\t\t<img loading=\"lazy\" decoding=\"async\" width=\"1024\" height=\"1024\" src=\"https:\/\/lherbotanic.com\/wp-content\/uploads\/2025\/09\/lherbodrnat.png\" class=\"attachment- size-\" alt=\"\" srcset=\"https:\/\/lherbotanic.com\/wp-content\/uploads\/2025\/09\/lherbodrnat.png 1024w, https:\/\/lherbotanic.com\/wp-content\/uploads\/2025\/09\/lherbodrnat-300x300.png 300w, https:\/\/lherbotanic.com\/wp-content\/uploads\/2025\/09\/lherbodrnat-150x150.png 150w\" sizes=\"auto, (max-width: 1024px) 100vw, 1024px\" \/>\t\t\t\t\t\t\t\t\t\t\t<\/div>\n\t\t\t<\/a>\t\t<\/div>\n\n\t\t<div class=\"box-text text-center\" >\n\t\t\t<div class=\"box-text-inner\">\n\t\t\t\t\n\n<h4>DETOX Y DEPURATIVOS<\/h4>\n\n\t\t\t<\/div>\n\t\t<\/div>\n\t<\/div>\n\t\n\n\t\t<\/div>\n\t\t\t\t\t<\/div>\n\n\t\n\n\t<div id=\"col-1023778803\" class=\"col medium-4 small-12 large-4\"  >\n\t\t\t\t<div class=\"col-inner\"  >\n\t\t\t\n\t\t\t\n\n\t<div class=\"box has-hover   has-hover box-text-bottom\" >\n\n\t\t<div class=\"box-image\" >\n\t\t\t<a href=\"\/categoria\/articulaciones\/\" >\t\t\t<div class=\"\" >\n\t\t\t\t<img loading=\"lazy\" decoding=\"async\" width=\"1024\" height=\"1024\" src=\"https:\/\/lherbotanic.com\/wp-content\/uploads\/2025\/09\/lherbopeami.png\" class=\"attachment- size-\" alt=\"\" srcset=\"https:\/\/lherbotanic.com\/wp-content\/uploads\/2025\/09\/lherbopeami.png 1024w, https:\/\/lherbotanic.com\/wp-content\/uploads\/2025\/09\/lherbopeami-300x300.png 300w, https:\/\/lherbotanic.com\/wp-content\/uploads\/2025\/09\/lherbopeami-150x150.png 150w, https:\/\/lherbotanic.com\/wp-content\/uploads\/2025\/09\/lherbopeami-768x768.png 768w\" sizes=\"auto, (max-width: 1024px) 100vw, 1024px\" \/>\t\t\t\t\t\t\t\t\t\t\t<\/div>\n\t\t\t<\/a>\t\t<\/div>\n\n\t\t<div class=\"box-text text-center\" >\n\t\t\t<div class=\"box-text-inner\">\n\t\t\t\t\n\n<h4>ARTICULACIONES Y DOLOR<\/h4>\n\n\t\t\t<\/div>\n\t\t<\/div>\n\t<\/div>\n\t\n\n\t\t<\/div>\n\t\t\t\t\t<\/div>\n\n\t\n\n\t<div id=\"col-1997485101\" class=\"col medium-4 small-12 large-4\"  >\n\t\t\t\t<div class=\"col-inner\"  >\n\t\t\t\n\t\t\t\n\n\t<div class=\"box has-hover   has-hover box-text-bottom\" >\n\n\t\t<div class=\"box-image\" >\n\t\t\t<a href=\"\/categoria\/energia\/\" >\t\t\t<div class=\"\" >\n\t\t\t\t<img loading=\"lazy\" decoding=\"async\" width=\"1024\" height=\"1024\" src=\"https:\/\/lherbotanic.com\/wp-content\/uploads\/2025\/09\/lherbomg.png\" class=\"attachment- size-\" alt=\"\" srcset=\"https:\/\/lherbotanic.com\/wp-content\/uploads\/2025\/09\/lherbomg.png 1024w, https:\/\/lherbotanic.com\/wp-content\/uploads\/2025\/09\/lherbomg-300x300.png 300w, https:\/\/lherbotanic.com\/wp-content\/uploads\/2025\/09\/lherbomg-150x150.png 150w, https:\/\/lherbotanic.com\/wp-content\/uploads\/2025\/09\/lherbomg-768x768.png 768w\" sizes=\"auto, (max-width: 1024px) 100vw, 1024px\" \/>\t\t\t\t\t\t\t\t\t\t\t<\/div>\n\t\t\t<\/a>\t\t<\/div>\n\n\t\t<div class=\"box-text text-center\" >\n\t\t\t<div class=\"box-text-inner\">\n\t\t\t\t\n\n<h4>ENERG\u00cdA Y VITALIDAD<\/h4>\n\n\t\t\t<\/div>\n\t\t<\/div>\n\t<\/div>\n\t\n\n\t\t<\/div>\n\t\t\t\t\t<\/div>\n\n\t\n\n<\/div>\n\n\t\t<\/div>\n\n\t\t\n<style>\n#section_1177029561 {\n  padding-top: 60px;\n  padding-bottom: 60px;\n  background-color: rgb(255, 255, 255);\n}\n<\/style>\n\t<\/section>\n\t\n\n\t<section class=\"section\" id=\"section_1699127090\">\n\t\t<div class=\"section-bg fill\" >\n\t\t\t\t\t\t\t\t\t\n\t\t\t\n\n\t\t<\/div>\n\n\t\t\n\n\t\t<div class=\"section-content relative\">\n\t\t\t\n\n<div class=\"row row-full-width align-middle\"  id=\"row-1848493944\">\n\n\n\t<div id=\"col-1790441232\" class=\"col medium-6 small-12 large-6\"  >\n\t\t\t\t<div class=\"col-inner\"  >\n\t\t\t\n\t\t\t\n\n\t<div class=\"img has-hover x md-x lg-x y md-y lg-y\" id=\"image_209755080\">\n\t\t\t\t\t\t\t\t<div class=\"img-inner dark\" >\n\t\t\t<img loading=\"lazy\" decoding=\"async\" width=\"600\" height=\"261\" src=\"https:\/\/lherbotanic.com\/wp-content\/uploads\/2025\/06\/LHERBOTANIC.png\" class=\"attachment-large size-large\" alt=\"\" srcset=\"https:\/\/lherbotanic.com\/wp-content\/uploads\/2025\/06\/LHERBOTANIC.png 600w, https:\/\/lherbotanic.com\/wp-content\/uploads\/2025\/06\/LHERBOTANIC-300x131.png 300w\" sizes=\"auto, (max-width: 600px) 100vw, 600px\" \/>\t\t\t\t\t\t\n\t\t\t\t\t<\/div>\n\t\t\t\t\t\t\t\t\n<style>\n#image_209755080 {\n  width: 100%;\n}\n<\/style>\n\t<\/div>\n\t\n\n\n\t\t<\/div>\n\t\t\t\t\t<\/div>\n\n\t\n\n\t<div id=\"col-500710038\" class=\"col medium-6 small-12 large-6\"  >\n\t\t\t\t<div class=\"col-inner\"  >\n\t\t\t\n\t\t\t\n\n<h2 class=\"mb-1\">Comprometidos con tu Bienestar<\/h2>\n<p>En L&#8217;Herbotanic, unimos la sabidur\u00eda ancestral de las plantas con la investigaci\u00f3n cient\u00edfica moderna. Nuestra misi\u00f3n es ofrecerte soluciones naturales, seguras y eficaces para que alcances un estado de salud \u00f3ptimo. <\/p>\n<a href=\"\/sobre-nosotros\/\" class=\"button success\" >\n\t\t<span>Conoce nuestra historia<\/span>\n\t<\/a>\n\n\n\n\t\t<\/div>\n\t\t\t\t\n<style>\n#col-500710038 > .col-inner {\n  padding: 0px 0px 0px 30px;\n}\n<\/style>\n\t<\/div>\n\n\t\n\n<\/div>\n\n\t\t<\/div>\n\n\t\t\n<style>\n#section_1699127090 {\n  padding-top: 60px;\n  padding-bottom: 60px;\n  background-color: rgb(247, 247, 247);\n}\n<\/style>\n\t<\/section>\n\t\n\n\t<section class=\"section dark\" id=\"section_1263376573\">\n\t\t<div class=\"section-bg fill\" >\n\t\t\t\t\t\t\t\t\t\n\t\t\t\n\n\t\t<\/div>\n\n\t\t\n\n\t\t<div class=\"section-content relative\">\n\t\t\t\n\n<div class=\"row\"  id=\"row-1111558269\">\n\n\n\t<div id=\"col-150740287\" class=\"col small-12 large-12\"  >\n\t\t\t\t<div class=\"col-inner text-center\"  >\n\t\t\t\n\t\t\t\n\n<h2>\u00danete a la comunidad L&#8217;Herbotanic<\/h2>\n<p>\u00a0<\/p>\n<div class=\"social-icons follow-icons full-width text-center\" style=\"font-size:150%\"><a href=\"https:\/\/www.instagram.com\/lherbotanic\" target=\"_blank\" data-label=\"Instagram\" class=\"icon primary button circle tooltip instagram\" title=\"S\u00edguenos en Instagram\" aria-label=\"S\u00edguenos en Instagram\" rel=\"noopener nofollow\"><i class=\"icon-instagram\" aria-hidden=\"true\"><\/i><\/a><a href=\"mailto:info@distribucionespardo.com\" data-label=\"E-mail\" target=\"_blank\" class=\"icon primary button circle tooltip email\" title=\"Env\u00edanos un email\" aria-label=\"Env\u00edanos un email\" rel=\"nofollow noopener\"><i class=\"icon-envelop\" aria-hidden=\"true\"><\/i><\/a><a href=\"tel:963844920\" data-label=\"Phone\" target=\"_blank\" class=\"icon primary button circle tooltip phone\" title=\"Ll\u00e1menos\" aria-label=\"Ll\u00e1menos\" rel=\"nofollow noopener\"><i class=\"icon-phone\" aria-hidden=\"true\"><\/i><\/a><a href=\"http:\/\/644742441\" data-label=\"Telegram\" target=\"_blank\" class=\"icon primary button circle tooltip telegram\" title=\"S\u00edguenos en Telegram\" aria-label=\"S\u00edguenos en Telegram\" rel=\"noopener nofollow\"><i class=\"icon-telegram\" aria-hidden=\"true\"><\/i><\/a><\/div>\n\n\n\t\t<\/div>\n\t\t\t\t\t<\/div>\n\n\t\n\n<\/div>\n\n\t\t<\/div>\n\n\t\t\n<style>\n#section_1263376573 {\n  padding-top: 60px;\n  padding-bottom: 60px;\n  background-color: rgb(40, 60, 40);\n}\n<\/style>\n\t<\/section>\n\t\n\n","protected":false},"excerpt":{"rendered":"","protected":false},"author":1,"featured_media":0,"parent":0,"menu_order":0,"comment_status":"closed","ping_status":"closed","template":"","meta":{"footnotes":""},"class_list":["post-12","page","type-page","status-publish","hentry"],"_links":{"self":[{"href":"https:\/\/lherbotanic.com\/index.php?rest_route=\/wp\/v2\/pages\/12","targetHints":{"allow":["GET"]}}],"collection":[{"href":"https:\/\/lherbotanic.com\/index.php?rest_route=\/wp\/v2\/pages"}],"about":[{"href":"https:\/\/lherbotanic.com\/index.php?rest_route=\/wp\/v2\/types\/page"}],"author":[{"embeddable":true,"href":"https:\/\/lherbotanic.com\/index.php?rest_route=\/wp\/v2\/users\/1"}],"replies":[{"embeddable":true,"href":"https:\/\/lherbotanic.com\/index.php?rest_route=%2Fwp%2Fv2%2Fcomments&post=12"}],"version-history":[{"count":71,"href":"https:\/\/lherbotanic.com\/index.php?rest_route=\/wp\/v2\/pages\/12\/revisions"}],"predecessor-version":[{"id":157,"href":"https:\/\/lherbotanic.com\/index.php?rest_route=\/wp\/v2\/pages\/12\/revisions\/157"}],"wp:attachment":[{"href":"https:\/\/lherbotanic.com\/index.php?rest_route=%2Fwp%2Fv2%2Fmedia&parent=12"}],"curies":[{"name":"wp","href":"https:\/\/api.w.org\/{rel}","templated":true}]}}